mber?
False
Let k(g) = -4*g**2 - g**3 - 2 + 2 - 5*g**2 - 4 - 10*g. Let d be k(-8). Is (-1 - -4)*1516/d a prime number?
True
Is ((-966)/126)/((-2)/282) prime?
False
Suppose -3*d = -7*d + 13088. Let h = 4587 - d. Is h a prime number?
False
Suppose 2*p + 7539 = 3*k, k - 2*p = -4*k + 12565. Is k a composite number?
True
Let v be 73*2/4*-4. Let o = v + 279. Is o a prime number?
False
Suppose 0 = h - d + 11, 0*d = 2*h + 2*d + 18. Let j = h + 4. Is ((-249)/j)/((-2)/(-4)) composite?
False
Let l(n) = -n**3 + 12*n**2 + 12*n + 17. Let j be l(13). Let p(f) = 4 + 37*f**2 - f - 12*f**2 - 3*f - 9. Is p(j) prime?
True
Let d be 3*(-1)/3*-1195. Let v = d + -444. Is v prime?
True
Let r(j) = j**3 + 12*j**2 + 13*j - 13. Let b(q) = q**2 - 175*q - 5 + 171*q - 2*q**2. Let x be b(-5). Is r(x) prime?
False
Let o = 8374 - 4161. Is o prime?
False
Is -2*(-6 + 19667)/(-1*2) composite?
False
Let p = -1 + -241. Let v = 405 + p. Is v a composite number?
False
Let i = 55 + -55. Suppose -3*l = q - 316, l - 1319 = -4*q - i*q. Is q composite?
False
Let m(l) = -l**3 + 7*l**2 - 5*l + 3. Let v be m(6). Let x(w) = w**2 + 9*w + 7. Let f be x(-8). Let n = v - f. Is n prime?
False
Let f(y) = 31 + 6 + 70*y - 92*y. Is f(-13) a composite number?
True
Let a be (-3)/7 + (-17)/(-7). Suppose 0 = -a*v + 149 + 965. Suppose o + 3*j - j = v, 0 = 2*o - 2*j - 1138. Is o a prime number?
False
Suppose 13*a - 590 = 141591. Is a composite?
False
Let c = -12 + 14. Suppose 3*b + 4462 = 4*a, -2*a + 2242 = -c*b + 6*b. Is a composite?
False
Suppose 3*o = -2*o + 15. Suppose 4*r - 2360 = -3*k + k, o*r - 4735 = -4*k. Suppose k = 5*u + 461. Is u a prime number?
False
Let t(s) = 42*s**3 - 11*s**2 + 61*s + 1. Is t(4) composite?
True
Let h = 1 - -5. Suppose 0 = -h*p + 2*p. Suppose p = -3*x - 2*x + 385. Is x a composite number?
True
Let f be 18/(-45) + (-54)/(-10). Suppose -4*s = j - s + 10, -f*j = -5*s - 30. Suppose 2*g = -2*l + 1268, 3*l + 4*g - 3167 = -j*l. Is l composite?
False
Suppose 21*y = -3*y + 61032. Is y composite?
False
Let i = 2193 + -1106. Is i a composite number?
False
Suppose -5*y = -r - 145, -r - y + 5*y = 141. Let q = 282 + r. Is q a prime number?
True
Let d(w) be the third derivative of w**5/60 + 5*w**4/24 + w**3/6 - w**2. Let n be d(8). Is n/2 + 7/14 a prime number?
True
Let y be 1 - (0 + 3 + -5). Suppose y*n + r + 7 = 0, 5*n + 2*r = -9 - 3. Is -4*13*1/n a composite number?
True
Let j = -146 - -1743. Is j a prime number?
True
Suppose 3*u - 190 = -2*j - 41, -u = 2*j - 51. Let v = u - -130. Is v a composite number?
False
Let p be (-10)/(-40) - (-9765)/(-4). Let j = 4800 + p. Is j a composite number?
True
Let f be (21 - -6)/((-6)/(-4)). Suppose 4*p = p + f. Let s(y) = 7*y - 3. Is s(p) a composite number?
True
Suppose 4*i - 158428 = 5*v, -105690 = -5*i - 2*v + 92345. Is i composite?
False
Let o(v) = -65*v - 14. Suppose 15 = 3*j + 3. Let x(h) = -22*h - 5. Let r(g) = j*o(g) - 11*x(g). Is r(-2) a composite number?
True
Let w = -12232 + 22579. Is w composite?
True
Suppose -2 = -2*o - 2*i - 24, 3*o + 41 = 5*i. Let z be (1022/28)/((-1)/o). Suppose 5*f - 1393 = -z. Is f a prime number?
True
Let z(x) = -25*x**3 - 6*x**2 - 5*x - 13. Is z(-4) composite?
False
Let p(d) = -4*d**3 - 8*d**2 - 4*d + 6. Let l(g) = -g**2 + 3*g + 5. Let f be l(5). Let w be p(f). Let j = 457 - w. Is j composite?
False
Let m(y) = 359*y**2 - y. Suppose -b - 6 = -3*t, -3*b - 2*b = 3*t + 12. Is m(t) composite?
True
Let c(a) = 9*a**3 + 12*a**2 - 19*a - 17. Is c(8) prime?
False
Let d(k) = 16*k**3 + 6*k**2 - 13*k - 1. Is d(6) composite?
False
Suppose 2*g + 4*y = 7*g + 6, -5*g - 5*y = -30. Suppose -g*x + 4*a = x - 526, -5*a = -x + 179. Suppose -4*w + 177 = -5*u, -2*w - 2*u = -6*w + x. Is w composite?
False
Suppose -43700 = -3*i - 2*g, -i + 21918 - 7350 = 2*g. Is i a composite number?
True
Suppose 3*o - u + 1 = 0, 0 = -5*o + 5*u + 8 + 7. Let j(r) = -21*r + 29. Is j(o) composite?
False
Let o(y) = y**2 - 2. Suppose 4*i = -10 - 2. Let k be o(i). Let z(x) = 2*x**2 - 8*x + 5. Is z(k) a composite number?
False
Let i(y) = 98*y**2 + 5*y - 5. Let k be i(2). Suppose 4*l - 1038 = -2*m + 480, -l - 4*m + k = 0. Is l prime?
False
Let m(u) = -5*u**3 - 13*u - 36*u**2 + 7*u**3 - 6*u**3 + 16 + 8*u. Is m(-11) a composite number?
False
Suppose -123560 - 9067 = -3*c. Is c composite?
True
Let q = -1 + 3. Suppose -8*d + 5*d + 161 = -2*s, 212 = 4*d - q*s. Is d composite?
True
Let v(b) = -b**2 + b + 515. Let q be (-8)/24 - -1*(-2)/(-6). Is v(q) composite?
True
Let h be (-2272)/16*(-1)/2. Let j = h - 17. Suppose 5*g - 3*v - 28 = 94, -3*g + j = 3*v. Is g a prime number?
False
Suppose 4*z + v - 18 = 0, 4*z - 3*z - 5*v + 6 = 0. Suppose 0 = 5*p - z*m - 1451, 0 = 2*p - 2*m + 4*m - 584. Is p prime?
False
Suppose 0*a = -3*a + 216. Let h = 345 - 74. Suppose -w + h = a. Is w a prime number?
True
Suppose 19*h = -3*h + 133958. Is h a prime number?
True
Let w(x) be the second derivative of -4445*x**3/6 + x**2 + 2*x. Let s be w(-2). Is s/20 - 6/(-15) prime?
False
Let z(k) = 4*k**3 - 3*k**2 + 6*k - 6. Let x be z(8). Suppose 3*d + 93 - 2910 = 3*g, x = 2*d + 3*g. Is d prime?
False
Let s be 6/27 + 3814/9. Suppose 2*m - 222 - 42 = 0. Suppose -3*i + 2*t + m = -186, 4*i = -5*t + s. Is i composite?
True
Suppose -2*q + 4*q - 7022 = -2*k, 0 = 3*q + 2*k - 10533. Is q composite?
False
Let b(f) be the third derivative of f**4/12 - 3*f**3/2 - 4*f**2. Let n be b(9). Is ((-1266)/9)/((-6)/n) prime?
True
Suppose 0 = -4*a + 16, 3*a - 5 = p + 2. Suppose 0 = 4*d - p*d + 3725. Suppose -y - m + 745 = -2*m, d = 5*y + 5*m. Is y a prime number?
False
Let h = 5 - 10. Let u = 8 + h. Is 1524/5 - u/(-15) prime?
False
Let c = -11745 + 25888. Is c prime?
True
Let s = 10 - 7. Suppose s*v - 1552 = 1385. Is v a composite number?
True
Let a be -19 - -69 - (1 + 0). Let i be (-1627)/(-7) - 21/a. Suppose i + 483 = 5*n. Is n a composite number?
True
Let v be -1 + -2 - (6 + -4). Let m be 369*(v/(-3))/5. Let d = 142 + m. Is d prime?
False
Let y = -3100 - -7301. Is y composite?
False
Let o be (-8)/(-16) - (-353)/2. Let t(c) = 14 + 34*c - 6 - o*c - 7. Is t(-4) prime?
False
Suppose 0 = -4*b + 4, -x + 3*b + 0*b = 3. Suppose x = -3*z - 2*m + 7*m + 2016, -z - m = -664. Is z a composite number?
True
Suppose -3*m + x + 5233 = m, -2619 = -2*m + 3*x. Let f be (1/2)/(1/46). Suppose m = 5*d + f. Is d a prime number?
True
Is 56928/9 - ((-12)/18 + 0) prime?
False
Suppose -5*s + 4*q + 40 = 0, q = -s + 6*s - 25. Let c be (s/(-3))/(6/(-9)). Suppose -4*g + 776 = 4*o, 3*o - c*g + 3*g = 576. Is o a composite number?
False
Suppose -12 = 3*m - 18. Suppose -h - m*h + 669 = 0. Is h a composite number?
False
Is (-62269389)/(-1001) + 4/(-22) prime?
True
Suppose -2*g = 3*c - 8*c + 12508, -4*g + 4 = 0. Is (c/(-6) + -5)*2/(-4) a prime number?
True
Suppose j = -5*h - 913, h = 3*h + 6. Let a = -516 - j. Is a composite?
True
Let m = 313 - -12730. Is m a composite number?
False
Suppose -1269 = 3*o + 8952. Is ((-1 - 0)*0)/(-3) - o prime?
True
Suppose 201*g - 163*g - 5187038 = 0. Is g composite?
False
Let o = 19 + -7. Is (822/9)/(1*4/o) prime?
False
Suppose -2*j + 4*z - 20 = 0, 3*z - 10 - 2 = 0. Is j/((-6)/6885) - (-5 + 7) prime?
True
Let w = 17 - 9. Suppose -w*p = -3*p - 6065. Is p a composite number?
False
Let k = -29 - -34. Suppose -4*n + 1684 = -2*q, n - q - 403 = -k*q. Is n composite?
False
Suppose 0 = 14*i - 1851 - 17903. Suppose 4*m = 5*d - 8*d + i, 4*d - 1880 = -4*m. Is d composite?
True
Let g(a) = 19*a**2 + 15 + 9*a - 10*a**2 + 8. Is g(-8) composite?
True
Suppose -2*b = 3*c + 3, 0*b + 3*c + 21 = 4*b. Let i(f) = 26*f**2 - 9*f - 1. Let t(p) = -25*p**2 + 13*p + 1. Let l(a) = 4*i(a) + 3*t(a). Is l(b) composite?
False
Suppose 2*d + 2675 = 7*d. Let l = -188 + d. Let q = 640 - l. Is q a prime number?
True
Let a(k) = 88*k**3 - 2*k**2 + 2*k - 1. Is a(2) a prime number?
False
Is ((-7327)/5)/((-16)/80) a composite number?
True
Let s be (-2)/(-6) - (8412/(-9) + 2). Suppose -2*t = 2*t - 40. Suppose -t*u - s = -13*u. Is u a prime number?
True
Suppose 2*s + 69811 = 7*s + h, -3*h - 13975 = -s. Is s prime?
True
Let c be (3 - 4)*-3 + 126. Suppose c = 3*t + 21. Suppose o - t = 155. Is o a prime number?
True
Let w(f) = 714*f**3 + 5*f**2 + f - 25. Is w(4) a prime number?
False
Suppose b - 6*b + 30 = 4*w, 2*w + 10 = 0. Is (-4)/(-6)*(4 + 1775/b) prime?
False
Let f = 